emainder when 877679 is divided by 683?
24
What is the remainder when 31822501 is divided by 952?
949
What is the remainder when 1517336 is divided by 773?
710
Calculate the remainder when 545245 is divided by 2253.
19
What is the remainder when 2458629 is divided by 790?
149
What is the remainder when 3050851 is divided by 2060?
2051
Calculate the remainder when 12391368 is divided by 1970.
68
What is the remainder when 5569839 is divided by 13618?
77
What is the remainder when 14739 is divided by 3796?
3351
Calculate the remainder when 2552981 is divided by 4996.
25
What is the remainder when 102102459 is divided by 198?
195
What is the remainder when 70554 is divided by 895?
744
What is the remainder when 21715746 is divided by 3834?
3804
What is the remainder when 793686423 is divided by 6356?
6347
What is the remainder when 91014 is divided by 3791?
30
Calculate the remainder when 33128 is divided by 1738.
106
What is the remainder when 2851373 is divided by 1395?
1388
What is the remainder when 1786287 is divided by 1786271?
16
Calculate the remainder when 45681 is divided by 1694.
1637
Calculate the remainder when 17794 is divided by 4448.
2
What is the remainder when 2396668 is divided by 6732?
76
Calculate the remainder when 229000 is divided by 1447.
374
Calculate the remainder when 1201407 is divided by 16.
15
What is the remainder when 1740644 is divided by 124329?
38
What is the remainder when 137088 is divided by 497?
413
What is the remainder when 740538 is divided by 3899?
3627
Calculate the remainder when 2150587 is divided by 430099.
92
Calculate the remainder when 45090614 is divided by 11272649.
18
What is the remainder when 82678 is divided by 2426?
194
Calculate the remainder when 112451 is divided by 28043.
279
What is the remainder when 74409 is divided by 5276?
545
What is the remainder when 56797830 is divided by 697?
694
What is the remainder when 5943097 is divided by 992?
25
Calculate the remainder when 2861563 is divided by 15.
13
Calculate the remainder when 44452 is divided by 21071.
2310
Calculate the remainder when 110490 is divided by 22092.
30
Calculate the remainder when 2387190 is divided by 231.
36
Calculate the remainder when 684918 is divided by 684907.
11
Calculate the remainder when 156100 is divided by 11995.
165
Calculate the remainder when 4287 is divided by 1571.
1145
Calculate the remainder when 61142237 is divided by 12228445.
12
Calculate the remainder when 47328933 is divided by 1314692.
21
Calculate the remainder when 37450099 is divided by 302.
287
Calculate the remainder when 7827407 is divided by 551.
452
Calculate the remainder when 766363 is divided by 994.
983
Calculate the remainder when 155506 is divided by 77673.
160
What is the remainder when 3003099 is divided by 14721?
15
What is the remainder when 638244 is divided by 2837?
2756
Calculate the remainder when 35283713 is divided by 15.
8
What is the remainder when 624 is divided by 327?
297
Calculate the remainder when 1435692 is divided by 43505.
27
Calculate the remainder when 673235 is divided by 2640.
35
What is the remainder when 1529605 is divided by 821?
82
What is the remainder when 38616 is divided by 9652?
8
What is the remainder when 8065119 is divided by 10?
9
Calculate the remainder when 11613712 is divided by 36.
4
Calculate the remainder when 1625230 is divided by 1007.
939
Calculate the remainder when 169270 is divided by 13020.
10
What is the remainder when 115003693 is divided by 88?
13
What is the remainder when 8351130 is divided by 97?
12
Calculate the remainder when 14179252 is divided by 9.
4
What is the remainder when 198372526 is divided by 283?
280
Calculate the remainder when 17285 is divided by 17271.
14
Calculate the remainder when 730190118 is divided by 68.
66
Calculate the remainder when 2263252 is divided by 68.
8
What is the remainder when 29527815 is divided by 228?
219
What is the remainder when 15044 is divided by 4768?
740
What is the remainder when 123233 is divided by 5826?
887
What is the remainder when 5203809 is divided by 289094?
117
What is the remainder when 60795 is divided by 318?
57
What is the remainder when 265621 is divided by 3793?
111
Calculate the remainder when 3716700 is divided by 304.
300
Calculate the remainder when 9043 is divided by 3549.
1945
Calculate the remainder when 559589 is divided by 349.
142
Calculate the remainder when 106889552 is divided by 1915.
1912
What is the remainder when 805123546 is divided by 534?
532
What is the remainder when 175216048 is divided by 4397?
4392
Calculate the remainder when 569762 is divided by 495.
17
Calculate the remainder when 208588 is divided by 11213.
6754
Calculate the remainder when 7231177 is divided by 66341.
8
What is the remainder when 72056 is divided by 848?
824
What is the remainder when 62447 is divided by 180?
167
Calculate the remainder when 54053 is divided by 183.
68
What is the remainder when 7952871 is divided by 243?
210
Calculate the remainder when 2163231 is divided by 32.
31
Calculate the remainder when 16405988 is divided by 7183.
16
What is the remainder when 6955830 is divided by 68?
42
Calculate the remainder when 13207406 is divided by 3301846.
22
What is the remainder when 115456981 is divided by 328?
325
Calculate the remainder when 435238 is divided by 1943.
6
What is the remainder when 175034925 is divided by 158?
155
What is the remainder when 21406993 is divided by 24?
1
Calculate the remainder when 146603 is divided by 3122.
2991
Calculate the remainder when 10129847 is divided by 5064920.
7
What is the remainder when 187088290 is divided by 27?
25
What is the remainder when 4985433 is divided by 2289?
2280
What is the remainder when 17639 is divided by 2377?
1000
Calculate the remainder when 8272835 is divided by 409.
401
Calculate the remainder when 8295702 is divided by 66.
30
Calculate the remainder when 131092 is divided by 12.
4
Calculate the remainder when 33671087 is divided by 9.
8
What is the remainder when 15523251 is divided by 846?
843
Calculate the remainder when 53054523 is divided by 172816.
11
Calculate the remainder when 1907826 is divided by 104.
50
What is the remainder when 537651226 is divided by 124?
122
What is the remainder when 820529 is divided by 410239?
51
Calculate the remainder when 2258915 is divided by 1229.
13
Calculate the remainder when 4652898 is divided by 2326446.
6
What is the remainder when 93493 is divided by 46?
21
Calculate the remainder when 3948501 is divided by 179475.
51
Calculate the remainder when 5619877 is divided by 7.
4
What is the remainder when 3536989 is divided by 6538?
6469
What is the remainder when 128538 is divided by 32025?
438
Calculate the remainder when 4196412 is divided by 136.
132
Calculate the remainder when 15633029 is divided by 5211004.
17
Calculate the remainder when 32025 is divided by 920.
745
Calculate the remainder when 126741 is divided by 39285.
8886
What is the remainder when 30443316 is divided by 51951?
30
Calculate the remainder when 3803217 is divided by 1267725.
42
Calculate the remainder when 2744656 is divided by 1288.
1216
What is the remainder when 2826816 is divided by 706697?
28
Calculate the remainder when 95655685 is divided by 95655677.
8
Calculate the remainder when 1194165 is divided by 3554.
21
What is the remainder when 20028869 is divided by 37?
29
Calculate the remainder when 142640 is divided by 153.
44
Calculate the remainder when 1455863 is divided by 5388.
1103
Calculate the remainder when 2346239 is divided by 469244.
19
Calculate the remainder when 86691 is divided by 1927.
1903
Calculate the remainder when 118836 is divided by 6601.
18
Calculate the remainder when 10687 is divided by 6753.
3934
What is the remainder when 20341 is divided by 1347?
136
What is the remainder when 18139 is divided by 6043?
10
Calculate the remainder when 1397726 is divided by 4.
2
What is the remainder when 519012 is divided by 366?
24
What is the remainder when 398950 is divided by 79231?
2795
What is the remainder when 29847 is divided by 704?
279
What is the remainder when 59247984 is divided by 7082?
7054
Calculate the remainder when 9013041 is divided by 177.
24
What is the remainder when 11218143 i